{"id":436,"date":"2022-11-10T22:56:17","date_gmt":"2022-11-10T21:56:17","guid":{"rendered":"https:\/\/appart-etudiant-nancy.fr\/?page_id=436"},"modified":"2023-02-16T22:01:48","modified_gmt":"2023-02-16T21:01:48","slug":"reservation","status":"publish","type":"page","link":"https:\/\/appart-etudiant-nancy.fr\/?page_id=436","title":{"rendered":"R\u00e9servation"},"content":{"rendered":"\n\n<p>Le tarif par nuit est de <strong>50 \u20ac<\/strong>.<\/p>\n<ul>\n<li>Si vous \u00eates<strong> 2 \u00e9tudiants<\/strong> \u00e0 r\u00e9server, le tarif par nuit sera donc de <strong>25 \u20ac par personne<\/strong>.<\/li>\n<\/ul>\n<p>Le studio n&rsquo;a qu&rsquo;un lit donc id\u00e9al pour couple ou amis.<\/p>\n<p><a href=\"https:\/\/appart-etudiant-nancy.fr\/?page_id=101\" target=\"_blank\" rel=\"noopener\">Voir le studio<\/a><\/p>\n\n\n<hr class=\"wp-block-separator has-alpha-channel-opacity is-style-default\"\/>\n\n\n\n\n<p>Le tarif par nuit est de\u00a0<strong>60 \u20ac<\/strong>.<\/p>\n<ul>\n<li>Si vous \u00eates <strong>2 \u00e9tudiants<\/strong> \u00e0 r\u00e9server, le tarif par nuit sera donc de\u00a0<strong>30 \u20ac<\/strong> <strong>par personne<\/strong>.<\/li>\n<\/ul>\n<p>La suite b\u00e9n\u00e9ficie d&rsquo;un grand lit Queen Size ce qui implique que 2 \u00e9tudiants partagent le m\u00eame couchage dans le cas d&rsquo;une r\u00e9servation \u00e0 2.<\/p>\n<p><a href=\"https:\/\/appart-etudiant-nancy.fr\/?page_id=425\" target=\"_blank\" rel=\"noopener\">Voir la Suite<\/a><\/p>","protected":false},"excerpt":{"rendered":"<p>Le tarif par nuit est de 50 \u20ac. Si vous \u00eates 2 \u00e9tudiants \u00e0 r\u00e9server, le tarif par nuit sera donc de 25 \u20ac par personne. Le studio n&rsquo;a qu&rsquo;un lit donc id\u00e9al pour couple ou amis. Voir le studio Le tarif par nuit est de\u00a060 \u20ac. Si vous \u00eates 2 \u00e9tudiants \u00e0 r\u00e9server, le [&hellip;]<\/p>\n","protected":false},"author":1,"featured_media":0,"parent":0,"menu_order":0,"comment_status":"closed","ping_status":"closed","template":"","meta":{"footnotes":""},"class_list":["post-436","page","type-page","status-publish","hentry"],"_links":{"self":[{"href":"https:\/\/appart-etudiant-nancy.fr\/index.php?rest_route=\/wp\/v2\/pages\/436","targetHints":{"allow":["GET"]}}],"collection":[{"href":"https:\/\/appart-etudiant-nancy.fr\/index.php?rest_route=\/wp\/v2\/pages"}],"about":[{"href":"https:\/\/appart-etudiant-nancy.fr\/index.php?rest_route=\/wp\/v2\/types\/page"}],"author":[{"embeddable":true,"href":"https:\/\/appart-etudiant-nancy.fr\/index.php?rest_route=\/wp\/v2\/users\/1"}],"replies":[{"embeddable":true,"href":"https:\/\/appart-etudiant-nancy.fr\/index.php?rest_route=%2Fwp%2Fv2%2Fcomments&post=436"}],"version-history":[{"count":26,"href":"https:\/\/appart-etudiant-nancy.fr\/index.php?rest_route=\/wp\/v2\/pages\/436\/revisions"}],"predecessor-version":[{"id":635,"href":"https:\/\/appart-etudiant-nancy.fr\/index.php?rest_route=\/wp\/v2\/pages\/436\/revisions\/635"}],"wp:attachment":[{"href":"https:\/\/appart-etudiant-nancy.fr\/index.php?rest_route=%2Fwp%2Fv2%2Fmedia&parent=436"}],"curies":[{"name":"wp","href":"https:\/\/api.w.org\/{rel}","templated":true}]}}